Let z(v) = v**3 - 5*v**2 - 3*v. Suppose 6*h + 6 = 4*h. Let u be z(h). Let a be (-4)/(-14) - 801/u. Calculate the highest common factor of 26 and a.
13
Let i = -341 + 348. Let q = 274 + -267. What is the highest common factor of q and i?
7
Suppose -a + 51 = -19. Suppose 4*n = -9*t + 141, -33*n + 2*t = -32*n - 48. Calculate the greatest common factor of n and a.
14
Suppose -4*h - 150 = 11*h. Let y be h/3*((-12555)/(-6))/(-9). Suppose 2*w = -3*w + y. Calculate the greatest common divisor of 31 and w.
31
Suppose 5*y + 2*x + 691 = 0, -2*y - 371 = -2*x - 103. Let o = y - -207. What is the highest common factor of 70 and o?
70
Let h = 295 - 280. Let m(v) = -v**3 + 15*v**2 - 4*v + 65. Let c be m(h). What is the greatest common factor of 95 and c?
5
Suppose -v + 2*u - 3*u = -25, -2*v - 5*u + 44 = 0. Suppose 15*n - v*n = -48. Calculate the highest common factor of 4 and n.
4
Suppose -4*l + 5*m + 20 = -22, -3*m = 3*l - 18. Suppose -7 = -4*q + 65. Suppose 0 = 3*n - 42 - q. Calculate the greatest common divisor of n and l.
4
Suppose -147 = 533*d - 615 - 2197. Suppose 0 = -3*z - 3, 0 = 4*w + 2*z + 3*z - 575. Calculate the highest common factor of w and d.
5
Suppose -r - 3196 = -3205. Suppose 4*l = 8*l - 64. Suppose 4*h + l = 0, -d - h = -0*h + 3. What is the greatest common factor of r and d?
1
Let c = 127 - 31. Suppose 4*s = -5*k + 5 + 2, -4*s - k = -11. Suppose -t - 5*x = -39, -2*t = s*t - 3*x - 335. Calculate the highest common factor of t and c.
32
Let a(x) = 78*x + 9840. Let w be a(-33). What is the greatest common factor of w and 42?
42
Let a(s) = -206*s**3 - s**2 + 2*s + 1. Let y be (-12)/3 + (-5)/(-15)*9. Let x be a(y). What is the highest common factor of x and 48?
12
Let w be ((-20)/6 - -3)/((-4)/(-24)). Let r be (30/9)/(w + (-7)/(-3)). Calculate the highest common factor of r and 1.
1
Suppose 5*f - 47 = 58. Suppose -v = -3*x - f + 3, 0 = 4*v + 4*x - 40. Let i be 111/(-666) - 146/(-12). Calculate the highest common factor of v and i.
12
Let x be (-1 + (0 - 0))*93/((-5580)/300). What is the highest common divisor of x and 3765?
5
Suppose 35*j = 998 + 52. Let k be j*(-102)/(-9) + -5 + -5. What is the highest common divisor of k and 33?
33
Let t = -12 - -30. What is the highest common divisor of t and 15?
3
Let q = -14306 + 14702. Calculate the highest common factor of 2574 and q.
198
Suppose -3*b + 0*k - 2*k + 1388 = 0, 0 = 3*b - 5*k - 1402. Calculate the highest common divisor of 32 and b.
16
Let l = -4385 + 4411. What is the highest common factor of l and 2587?
13
Let t(v) = -v - 2*v - 2*v + 41 + 4*v. Let a(k) = -k + 62. Let r(q) = -5*a(q) + 7*t(q). Let p be r(-13). Calculate the highest common divisor of 1 and p.
1
Let b be 6/(-4)*(-4816)/12. Suppose m = -3*r - 4*m - b, 2*m = -5*r - 1016. Let y be -3 - (-1)/((-3)/r). What is the highest common factor of y and 26?
13
Let p(u) = 389*u + 5062. Let x be p(-13). Suppose 7 = 2*o - 9. Calculate the greatest common divisor of x and o.
1
Let g(s) = -3*s**2 + 56*s + 50. Let x be g(21). Let q be (1 - 2) + (-84)/1. Let o = q - x. Calculate the greatest common factor of o and 192.
12
Let b be (8993/69)/(-17)*-3. Calculate the greatest common divisor of 2369 and b.
23
Suppose -2*v - v = -123. Let u = v + -1. Let i be (-270)/450 - (-1 + (-96)/10). What is the greatest common factor of u and i?
10
Let t(a) = -198*a + 1266. Let g be t(6). Let s = 80 - -115. Calculate the highest common divisor of s and g.
39
Suppose -53*h = -47*h - 354. Let g = -47 + h. What is the highest common divisor of 15 and g?
3
Suppose -4*m - 3*p - 39 = 0, m - 2*p + 5 + 13 = 0. Let x = m + 20. Calculate the highest common factor of 72 and x.
8
Let c be -30*((-72)/27 - (-2 + -1)). Let v be -7*(c - -7)*20. What is the highest common factor of 14 and v?
14
Suppose -5*s - 9036 = -2*a, 3128*a + 17952 = 3132*a + 5*s. What is the greatest common divisor of a and 39?
13
Suppose -25818*g = -25816*g - 682. Calculate the greatest common factor of g and 77.
11
Suppose -4*k = -164 + 56. Let d = 339 - 336. Suppose p + 3*b - 27 = 0, 6*b - d = 5*b. What is the greatest common divisor of k and p?
9
Let i(r) = r**2 - 18*r - 3. Let h be i(17). Let m be (-8)/h + 66/(-15) + 224. Calculate the highest common divisor of m and 20.
20
Suppose 138 = 3*f - 3*n, -64*f - n = -62*f - 77. Let r(j) = -62*j - 3. Let h be r(-6). Calculate the greatest common factor of f and h.
41
Suppose -197*y + 55*y = -2803 - 179. Calculate the greatest common divisor of y and 207.
3
Suppose 118 = 4*t - t - 5*n, -3*t + n = -110. Suppose 0 = -25*r + 21*r + 32. Let z be r/((-32)/3)*-24. What is the highest common divisor of z and t?
18
Let m = -8 + 12. Suppose -2*h + 4*w = -12, m*h - w - 18 = h. Suppose s - 77 = -h*s. What is the highest common divisor of s and 121?
11
Let l be (-2 - -9) + -1 + 1. Let t be (-15)/18*180/(-50). Calculate the greatest common factor of l and t.
1
Let j = 107 + -55. Let s be 29/1 + j + -54. What is the highest common factor of 135 and s?
27
Let o = 25 - 23. Suppose -j = 4*d - 194 + 32, -2*j = o*d - 78. Suppose -6*k = -137 + d. Calculate the greatest common divisor of 48 and k.
16
Suppose -8 = -7*b + 104. Let o = -333 - -336. Suppose o*l - 909 = v, 272 = l + v - 35. Calculate the highest common divisor of b and l.
16
Let k be ((-104)/(-120)*-5)/((-2)/36). What is the greatest common divisor of k and 273?
39
Let u be 777/(-14)*28/(-6). Suppose -f = -3*w - 83, 2*f + 2*w - 81 = 61. Calculate the highest common divisor of u and f.
37
Suppose 3*n + 4*h = 29819, -h = -n + 4317 + 5632. What is the highest common factor of n and 442?
221
Let f be -1*((-2)/(-9) + 159307/(-153)). What is the highest common factor of 3 and f?
3
Let y be 31382 + (-8)/((1 - 2)*(-6 - -4)). Calculate the highest common divisor of 58 and y.
58
Suppose 3*f = -3*x + 267, -5 = 5*x - 0. Suppose -10*a = -61*a + 3825. What is the greatest common divisor of a and f?
15
Suppose -5*f = 49 - 74. Let j be ((-3)/(-9))/(f/60). Let b be j/(-10)*-6*(107 - -13). Calculate the greatest common factor of 32 and b.
32
Let z = 226 + -98. Suppose -407*h + 5142 + 1370 = 0. Calculate the highest common divisor of h and z.
16
Let f = 44 - 40. Suppose -c - 2*u = -2*c + 122, 468 = f*c - 4*u. Suppose -c = -d + 40. What is the greatest common factor of 38 and d?
38
Let q be (-15)/50 - (1/(-20))/(83/134958). Let v(p) = 4*p**2 + p - 3. Let w be v(3). What is the greatest common factor of w and q?
9
Let z(w) = 39*w - 69. Let d be z(2). Let n be d/((-36)/(-20)) - -67. What is the greatest common divisor of 204 and n?
12
Suppose b + 55 = 4*k, -b - 8 = 2*k - 43. Let p(u) = u**2. Let x be p(0). Suppose 8*h - 5*h - 315 = x. What is the highest common factor of k and h?
15
Let r(g) = 50*g**3 - 14*g**2 + 37*g - 2. Let i be r(3). Calculate the greatest common factor of 93 and i.
31
Suppose -2*s + 153 - 43 = 0. Let b = 50 + s. Suppose v - 15 = -0. Calculate the highest common factor of b and v.
15
Let t(k) = 2*k**2 - 8*k - 4. Let z be t(6). Let w = -1354 + 1584. What is the highest common divisor of z and w?
10
Suppose 205*w + 136396 = 257*w. Calculate the greatest common divisor of 86 and w.
43
Suppose 0 = 98*f - 99*f + 3*x + 66, -3*f - 5*x = -212. What is the highest common factor of 3151 and f?
23
Suppose -43882 + 49462 = 18*u. What is the highest common divisor of 260 and u?
10
Suppose -4*q = 2*p - 78, 2*p = -3*q + 625 - 569. Suppose -3*x + x + 264 = 0. Suppose x = 4*k - 0*k. Calculate the highest common divisor of k and q.
11
Suppose -73*h + 250189 - 80307 = 28*h. What is the highest common divisor of 174 and h?
58
Suppose -67*u - 53*u = 22*u - 32802. What is the highest common divisor of 1092 and u?
21
Let y be (((-20790)/(-56))/15)/((-3)/(-12)). Let f = -8 + 13. Suppose 3*u - f = 22. What is the highest common divisor of y and u?
9
Let d = 6097 - 5350. What is the highest common divisor of d and 1411?
83
Let c(h) = -h**2 - h + 34. Let n be c(-6). Let i be -44*(0 - 3/n). What is the highest common divisor of i and 33?
33
Let q(z) = z**3 + 6*z**2 - 139*z - 58. Let v be q(-14). Suppose 0 = -4*t + 143 + 113. Calculate the greatest common divisor of v and t.
64
Let f be 104 - -2 - (-1 + -1). Let t(s) = -s**2 + 9*s + 4. Let l be t(7). Calculate the highest common divisor of f and l.
18
Let c(m) = m**3 + 8*m**2 - 4*m - 26. Let n